 are the prime factors of t?
2, 3
Let h(b) = b**3 + 3*b**2 - 4*b - 5. Let m be h(-3). Suppose 0 = -m*s - 6*s + 3198. What are the prime factors of s?
2, 3, 41
Let g = 1130 + -568. List the prime factors of g.
2, 281
Let k(l) = 2*l - 1. Let y be k(4). Let w(d) = -d**2 - 25*d + 5. Let s be w(-23). Suppose 0 = -y*j + 8*j - s. What are the prime factors of j?
3, 17
Let k(g) = -8*g**3 - 3*g**2 - 4*g. Suppose -13*z = -18*z - 160. Let l = z + 30. What are the prime factors of k(l)?
2, 3, 5
Suppose 0*y + 5*y - 11 = -3*j, 0 = -2*y - 5*j - 7. Let x(k) = 2*k - 1. Let u be x(5). Suppose -y*r + 117 = u. What are the prime factors of r?
3
Let p(u) = -u**2 - 8*u + 7. Let c be p(-8). Suppose c*f - 20 = 2*f. Suppose 4*y + 5*l = 123, f*y - 3*l = -2*l + 105. List the prime factors of y.
3
Suppose -3*w - 6 = 0, 5*r - 248 - 569 = -4*w. Suppose 0 = -4*v - v + r. List the prime factors of v.
3, 11
Let o(y) = y + 8. Let w be o(-4). Suppose -4*b + 5*b - w = 0. List the prime factors of 6 - (12/b + -5).
2
Suppose 7*k + 80 = 2*k - 5*h, -k = -2*h + 19. Let t = -9 - k. List the prime factors of t.
2
Let b = 68 + -66. Suppose b*w - 39 = -5*q, 2*w - 3*q = -w + 48. What are the prime factors of w?
17
Suppose -4*t = -0*t. Suppose t = -j - q + 53, 0*q - q = -2*j + 94. Suppose 3*v + 43 = a, -a + 3*v = -2*v - j. What are the prime factors of a?
2, 17
Suppose -4*m + 24 = 2*m. Let l(k) = -k**3 + 4*k**2 + k + 2. What are the prime factors of l(m)?
2, 3
Let m(w) = w**2 - 13*w - 13. Let r(c) = -9*c**3 - 2*c + 2. Let u be r(1). What are the prime factors of m(u)?
5, 37
Let k = 6 + -1. Let u be (16/(-10))/(k/(-25)). Let b = u + -5. List the prime factors of b.
3
Let c(b) = -b**3 + 7*b**2 - 5*b + 1. Suppose 3*n - 6 = 4*n. Let i be 55/10 + 9/n. What are the prime factors of c(i)?
29
Let u(o) = 4*o + 48. Let t be u(-11). Suppose r = t*g + 292, -g = 3*g - 16. List the prime factors of r.
2, 7, 11
Let c(f) = 61*f - 87. List the prime factors of c(5).
2, 109
Let k be (-4 - 0) + 1 - -502. What are the prime factors of (-12)/42 + k/7?
71
Let n = 0 + -63. Let p = n + 142. List the prime factors of p.
79
Let m(f) = 10*f - 15. Let i(o) = 4*o - 8. Let k(a) = -7*i(a) + 3*m(a). What are the prime factors of k(3)?
17
Suppose 4*o - 6077 = y, 9740 = 4*o + 2*y + 3654. List the prime factors of o.
2, 5, 19
Let n = -1984 + 3826. What are the prime factors of n?
2, 3, 307
Let b(j) be the first derivative of j**4 - j**3/3 - j**2/2 + j - 1. Let g = 17 - 16. What are the prime factors of b(g)?
3
Let r(v) = v**3 + 11*v**2 - 9*v. Let q(d) = d**3 + 12*d**2 - 10*d + 1. Let l(s) = -5*q(s) + 6*r(s). Let c = -5 + -1. What are the prime factors of l(c)?
19
Suppose -4*w = 5*k - 3070, 2283 = 3*k + 5*w + 441. List the prime factors of k.
2, 307
Let p(k) = k**3 - 8*k**2 + 8*k - 3. Suppose s = 4*c - 28, c - s + 35 = 6*c. List the prime factors of p(c).
2
Suppose 5*x + 5*x = 10. Let u(h) = 34*h - 3. What are the prime factors of u(x)?
31
Let t be (7 + -1)*(-40)/(-60). Suppose -u - 235 = -t*j, 198 = 3*j + 4*u + 17. What are the prime factors of j?
59
Suppose -17*i + 22*i - 40 = 0. Suppose -4*b + 5*p + 41 = -i, -3*b - 3*p = -57. List the prime factors of b.
2
Suppose 2*w = 5*w + 2*i - 361, 4*i = -3*w + 359. Suppose -5*p - 164 = -3*r, 4*p - 2*r + 3*r = -w. Let z = 43 + p. List the prime factors of z.
2, 3
Let p be (-1)/(-8) + (-98)/16. Let y(r) = -r**2 - 5*r + 3. Let l be y(p). List the prime factors of (l + 1)*78/(-4).
3, 13
Let h = 59 - 55. What are the prime factors of (5 - h)/(2 - 1) + 102?
103
Suppose -t - 36 = -2*d, -4*d + 0*t = -3*t - 72. Suppose d*z = 22*z - 628. List the prime factors of z.
157
List the prime factors of (-7)/((-98)/(-8))*51989/(-14).
2, 1061
Let u = 368 + -39. Suppose -4*b = 8, 5*j + 2*b = -b + u. List the prime factors of j.
67
Let o be 12/((-4)/(-4)) + 4/(-1). What are the prime factors of (0 + 796/o)*2?
199
List the prime factors of (9*(-12)/162)/((-1)/1302).
2, 7, 31
Suppose 11*r - 7405 = 3100. What are the prime factors of r?
5, 191
Let q be 714/66 - (-4)/22. Let z = q - 11. List the prime factors of 3 - (z + (-1 - 10)).
2, 7
Let n(h) = 8 - h**2 + 17 - 2. Let m be 4/14 + 22/(-77). List the prime factors of n(m).
23
Let j(s) be the second derivative of -s**4/12 - 11*s**3/3 - 20*s**2 - 5*s. List the prime factors of j(-16).
2, 7
Let k be 2 - 5 - (3 + 0). Let a = k - -2. List the prime factors of ((-36)/8)/(2/a).
3
Let y = -2436 - -3504. List the prime factors of y.
2, 3, 89
Suppose 42 = -7*w - 91. Let m(a) = 5*a + 8. Let y be m(-7). Let c = w - y. What are the prime factors of c?
2
Suppose 0 = -r - 3*r. Suppose r = -0*i - i + 15. Suppose -2*q = -q - i. List the prime factors of q.
3, 5
Suppose -4*x + 4*d = 2*d - 11076, -d + 13838 = 5*x. What are the prime factors of x?
2, 173
Let p(j) = -3*j - 13. Suppose 0 = -5*m - 1 + 31. Let h be (1 + -4)*(9 - m). List the prime factors of p(h).
2, 7
Let y be ((-257)/(-3) + 2)*3. Let w = -154 + y. What are the prime factors of w?
109
Let r(j) = j**3 + 7*j**2 - j - 4. Let k be r(-7). Let n = k + -3. Let x = n - -27. What are the prime factors of x?
3
Let t(c) = 35*c**2 - 11*c + 8. List the prime factors of t(-5).
2, 7, 67
List the prime factors of ((-15)/2)/(32/(-8640)).
3, 5
Suppose 4*v + 2*v - 30 = 0. Suppose 17 = -z + v*r, -2*r + 4*r = 4*z - 4. Suppose 4*d = 3*h - 64, -62 = -z*h - d + 12. What are the prime factors of h?
2, 3
Let t(d) = d**3 - 16*d**2 + 11*d - 33. Let u be (24/10)/(5 + (-194)/40). What are the prime factors of t(u)?
11, 13
Let s(g) be the second derivative of -g**3/6 - 7*g. Let u be s(-4). Suppose 2*f - u*m - 18 = 0, -f + m + 15 = f. What are the prime factors of f?
7
Suppose -4*m = -5*p - 11130 + 3261, -4*p = -5*m + 9834. What are the prime factors of m?
2, 983
Let k be 10/3 - (-3)/(-9). Let t be 4/((4/k)/4). Suppose 0 = -5*v + 53 + t. List the prime factors of v.
13
Let q = 39 - 20. Let o = q + -19. Suppose 0 = f - 5*l - 1 + 9, o = 4*f + 5*l - 18. List the prime factors of f.
2
Suppose 0 = 4*w - 20, -5*w + 7 + 23 = o. Let a(s) = 26*s - 15. Let z be a(o). Suppose 0 = 5*q - z - 200. List the prime factors of q.
3, 7
What are the prime factors of (-5478)/(-11) - (-9)/((-3)/(-1))?
3, 167
Suppose 32*q + 1303 = -329. Suppose 0 = 2*f + 3*i - 181, 0 = f - 3*f + 3*i + 199. Let o = q + f. List the prime factors of o.
2, 11
Suppose 16 = -2*y - 4. Let b be (0 - -21) + 0/1. Let i = b - y. What are the prime factors of i?
31
Let f = 130 + 36. Let h(u) = u**3 - 3*u**2 - 4*u + 2. Let s be h(4). Suppose 4*k + 6*g = 3*g + 142, 0 = -5*k + s*g + f. What are the prime factors of k?
2, 17
Suppose -1311*s + 1315*s = 7532. List the prime factors of s.
7, 269
Let t = -896 + 2611. List the prime factors of t.
5, 7
Suppose 68*i = 65*i + 1242. List the prime factors of i.
2, 3, 23
Let q be 9/6 - 9/(-6). Suppose 0 = -3*a - q*i + 48, -4*a + 76 = i - 3*i. What are the prime factors of a?
2, 3
Let j(n) = -10*n - 57. Let w be j(-6). Let a(m) be the third derivative of m**5/15 + 5*m**4/24 - 5*m**3/6 + m**2. List the prime factors of a(w).
2, 23
Let d(k) = 14*k**3 + 5*k**2 - 2*k - 5. What are the prime factors of d(3)?
2, 103
Let q be (-2 - 6)/((-2)/1). Let f be 3/2 + (-2)/4. Suppose -x - q - f = -2*p, -15 = -5*x + 2*p. List the prime factors of x.
5
Suppose 6*g - 3*g - 49 = -h, 5*h = -3*g + 65. Suppose g*f - 2210 = 2*f. What are the prime factors of f?
2, 5, 17
Suppose 1925 + 858 = 11*f. List the prime factors of f.
11, 23
Let f = -1469 - -4921. What are the prime factors of f?
2, 863
Let b = -23 - -5. What are the prime factors of (-1948)/b - (-12)/(-54)?
2, 3
Let o be ((-63)/2)/(-3)*(18 + -8). Let s = o + 79. List the prime factors of s.
2, 23
Let g(k) = 1 - 1356*k**2 + 1356*k**2 - k**3. What are the prime factors of g(-2)?
3
Suppose 875 = 7*c + 168. List the prime factors of c.
101
Let o = 158 + -70. Suppose a + o = -a. Let y = -25 - a. What are the prime factors of y?
19
Let d(j) be the first derivative of -j**3/3 - j**2/2 + 28*j - 61. Let z be (-2)/6 - 3/(-9). List the prime factors of d(z).
2, 7
Let x(n) = -n**3 + 9*n**2 - 2*n - 5. Suppose -a = -6 + 3. What are the prime factors of x(a)?
43
Let a(x) = -x**3 - 4*x**2 + 9*x + 4. Let t(b) = b. Let c be t(5). Suppose -g = 2*g - c*w + 8, -w + 10 = -2*g. What are the prime factors of a(g)?
2, 11
Let k(i) = 5 + 5*i - i 